-112b0 (base 13) in base 3?
-1120212000
Convert 100535 (base 7) to base 12.
9a72
Convert -213 (base 10) to base 7.
-423
What is -65e (base 16) in base 6?
-11314
Convert 4444 (base 5) to base 8.
1160
What is 101101 (base 3) in base 13?
187
-2012 (base 5) to base 3
-100112
What is -704 (base 13) in base 5?
-14222
5605 (base 7) to base 9
2677
Convert -31456 (base 9) to base 16.
-5133
What is 25525 (base 6) in base 13?
19b8
-110010101011100 (base 2) to base 8
-62534
Convert 150 (base 12) to base 14.
108
-31 (base 16) to base 10
-49
What is -101021100 (base 3) in base 11?
-5698
What is 3746 (base 9) in base 3?
10211120
What is 60514 (base 8) in base 14?
9112
-55c3 (base 16) to base 5
-1200310
Convert 221635 (base 7) to base 14.
10355
What is -24327 (base 8) in base 14?
-3b4b
-2 (base 14) to base 12
-2
What is -111403 (base 5) in base 14?
-1642
Convert -1e7e (base 15) to base 14.
-25c8
-232203 (base 4) to base 7
-11454
615 (base 14) to base 16
4ab
What is -3a89 (base 12) in base 2?
-1101001001001
What is 115076 (base 8) in base 14?
10566
What is -1ab (base 15) in base 3?
-112022
What is -12403 (base 5) in base 13?
-5a3
Convert 11113 (base 4) to base 8.
527
What is 31875 (base 9) in base 16?
5288
Convert 63a (base 12) to base 5.
12120
63d (base 15) to base 2
10110000000
Convert 2587 (base 16) to base 14.
3703
Convert 66769 (base 10) to base 8.
202321
-114 (base 15) to base 5
-1434
Convert -1419 (base 10) to base 7.
-4065
What is 1326 (base 15) in base 7?
14625
What is 14c (base 16) in base 14?
19a
What is -1210101 (base 3) in base 10?
-1306
What is 34350 (base 6) in base 16?
131a
What is 1020101 (base 4) in base 7?
16325
Convert 6a7 (base 12) to base 10.
991
b28 (base 13) to base 9
2533
-1bb (base 16) to base 6
-2015
Convert 539 (base 14) to base 13.
614
Convert 256 (base 16) to base 12.
41a
What is 243114 (base 7) in base 10?
44307
Convert -29b7a (base 12) to base 5.
-3334302
What is -1774 (base 11) in base 13?
-104a
Convert -20c (base 14) to base 13.
-251
27473 (base 8) to base 5
341331
-10011011010 (base 2) to base 3
-1201000
Convert -34343 (base 7) to base 5.
-240003
-1ce6 (base 16) to base 7
-30366
-11367 (base 8) to base 4
-1023313
14263 (base 13) to base 4
21032020
What is -40332 (base 5) in base 4?
-220200
Convert -11c (base 15) to base 10.
-252
Convert 3013 (base 6) to base 16.
291
What is 413 (base 6) in base 16?
99
What is -205a (base 13) in base 5?
-120334
-25871 (base 11) to base 12
-1949b
Convert 12022011 (base 3) to base 6.
25521
-11100100011010 (base 2) to base 13
-6866
What is 5b (base 16) in base 4?
1123
Convert 2003 (base 8) to base 7.
2665
-c40a (base 14) to base 16
-83ba
Convert 130010 (base 4) to base 6.
12152
What is 22203 (base 5) in base 10?
1553
-1560 (base 14) to base 16
-ee0
What is -19134 (base 12) in base 8?
-107170
What is 2297 (base 12) in base 3?
12021221
What is 1111001011111 (base 2) in base 6?
55555
Convert 21125 (base 7) to base 6.
40045
-1111101110 (base 2) to base 7
-2635
What is -158e (base 16) in base 5?
-134033
Convert 3412 (base 8) to base 3.
2110202
-14436 (base 12) to base 10
-28266
What is 1111021 (base 3) in base 8?
2077
Convert 825 (base 10) to base 5.
11300
Convert 1001200022 (base 3) to base 10.
20906
Convert -28507 (base 11) to base 12.
-1b566
What is 11a05 (base 11) in base 15?
515c
523402 (base 6) to base 2
1010010100011010
What is -102112111 (base 3) in base 14?
-30ca
What is -138 (base 13) in base 5?
-1331
Convert 1330132 (base 4) to base 12.
473a
1017 (base 9) to base 4
23221
What is 302414 (base 6) in base 10?
23914
What is 22300 (base 4) in base 16?
2b0
Convert 2420 (base 8) to base 14.
688
-81b (base 14) to base 2
-11000111001
Convert -560 (base 7) to base 2.
-100011111
What is -1001000110101 (base 2) in base 14?
-19ad
Convert 10110100 (base 2) to base 16.
b4
What is ee (base 16) in base 3?
22211
What is 202220 (base 3) in base 10?
564
What is -22f9 (base 16) in base 10?
-8953
1a71 (base 15) to base 6
42311
What is -1367 (base 9) in base 5?
-13113
-60772 (base 8) to base 5
-1300312
31 (base 8) to base 9
27
Convert 22011201 (base 3) to base 8.
13507
What is 10313 (base 5) in base 6?
3140
Convert 440 (base 8) to base 14.
168
Convert -338 (base 10) to base 16.
-152
Convert 719 (base 13) to base 3.
1122122
What is -31403 (base 5) in base 16?
-837
2320132 (base 4) to base 12
69ba
-908 (base 12) to base 11
-a86
-553 (base 6) to base 10
-213
1dc (base 16) to base 10
476
Convert 242321 (base 8) to base 5.
10130103
What is 876 (base 11) in base 3?
1102221
What is -a2f0 (base 16) in base 12?
-20180
Convert -101100 (base 5) to base 15.
-e85
Convert d25c (base 14) to base 12.
18b02
Convert 113130 (base 5) to base 12.
24b1
What is -101202120 (base 3) in base 10?
-7845
Convert -304042 (base 6) to base 16.
-5e9a
-cc (base 16) to base 3
-21120
Convert -1113230 (base 4) to base 12.
-32b8
What is 13540 (base 6) in base 10?
2148
-610 (base 9) to base 8
-757
What is 471 (base 9) in base 5?
3023
What is 1000011222 (base 3) in base 2?
100110101101001
Convert 2343 (base 5) to base 11.
297
Convert -20011113 (base 4) to base 16.
-8157
Convert -1c6c (base 14) to base 5.
-131232
Convert -2399 (base 10) to base 5.
-34044
What is 289 (base 12) in base 16?
189
What is 23815 (base 10) in base 7?
126301
Convert -a70 (base 15) to base 14.
-c03
103254 (base 6) to base 4
2011102
Convert -6573 (base 9) to base 11.
-3705
Convert -40532 (base 6) to base 13.
-25b2
Convert -1030 (base 8) to base 13.
-323
313 (base 4) to base 5
210
Convert -2324 (base 5) to base 16.
-153
-102 (base 15) to base 16
-e3
36b0 (base 13) to base 9
11558
Convert 455 (base 10) to base 15.
205
Convert 2100020 (base 3) to base 2.
11010101011
What is -3858 (base 15) in base 9?
-17422
Convert 131022 (base 4) to base 13.
b07
What is 30443 (base 8) in base 6?
134123
Convert 546 (base 7) to base 6.
1143
What is -150524 (base 6) in base 10?
-14452
385 (base 15) to base 8
1440
Convert -4a5 (base 12) to base 16.
-2bd
-2442 (base 6) to base 7
-1520
What is -2396 (base 10) in base 5?
-34041
Convert b20 (base 12) to base 14.
82c
-430a (base 12) to base 15
-22a4
1313101 (base 4) to base 16
1dd1
-437 (base 11) to base 9
-642
1d40 (base 14) to base 16
14e4
Convert -21432 (base 6) to base 15.
-d32
Convert 232 (base 13) to base 12.
277
Convert 2555 (base 6) to base 2.
1010000111
What is 988 (base 11) in base 13?
702
-c (base 13) to base 2
-1100
What is -10303101 (base 4) in base 2?
-100110011010001
-9 (base 10) to base 6
-13
What is -630 (base 7) in base 8?
-473
What is 111111 (base 5) in base 15?
1256
Convert -1572 (base 10) to base 8.
-3044
-46b (base 13) to base 15
-360
Convert 1101010000000 (base 2) to base 8.
15200
What is -114451 (base 6) in base 3?
-111212111
Convert 233c (base 15) to base 5.
214412
260 (base 15) to base 8
1034
17021 (base 8) to base 16
1e11
2010112000 (base 3) to base 9
63460
What is 561 (base 9) in base 4?
13030
What is -408 (base 12) in base 4?
-21020
Convert -1221212 (base 3) to base 2.
-10110010011
-5643 (base 9) to base 11
-3151
-21002 (base 3) to base 15
-cb
Convert -100742 (base 8) to base 4.
-20013202
10b5 (base 12) to base 11
1446
-143204 (base 5) to base 11
-4604
What is -4406 (base 7) in base 9?
-2138
3033220 (base 4) to base 11
9a90
-2220111 (base 3) to base 11
-1657
19848 (base 13) to base 10
49746
-202022 (base 3) to base 4
-20210
Convert 111101111010 (base 2) to base 12.
2362
821 (base 9) to base 10
667
Convert 11a68 (base 13) to base 8.
77426
Convert -225325 (base 8) to base 16.
-12ad5
2eb (base 16) to base 7
2115
What is -83477 (base 9) in base 10?
-55069
Convert -24835 (base 9) to base 12.
-9812
Convert 1002 (base 9) to base 11.
605
Convert 60117 (base 8) to base 3.
1020211011
What is 9256 (base 14) in base 3?
1021112000
What is -162 (base 9) in base 11?
-115
What is 10000110 (base 2) in base 5?
1014
1b6 (base 12) to base 14
162
What is -732 (base 14) in base 6?
-10320
What is -17283 (base 9) in base 13?
-5556
What is 1181 (base 11) in base 2?
11000000101
Convert 134232 (base 5) to base 15.
19b2
What is -322b (base 12) in base 9?
-7488
Convert 769 (base 10) to base 11.
63a
1111000101 (base 2) to base 10
965
-49 (base 12) to base 2
-111001
What is -21110202 (base 3) in base 8?
-12507
Convert -423 (base 9) to base 7.
-1002
1348 (